{"id":781,"date":"2018-10-09T10:03:12","date_gmt":"2018-10-09T09:03:12","guid":{"rendered":"https:\/\/psicologosparatodos.es\/index.php\/home\/"},"modified":"2021-11-02T17:30:15","modified_gmt":"2021-11-02T17:30:15","slug":"inicio","status":"publish","type":"page","link":"https:\/\/psicologosparatodos.es\/","title":{"rendered":"Inicio"},"content":{"rendered":"\t\t<div data-elementor-type=\"wp-post\" data-elementor-id=\"781\" class=\"elementor elementor-781\">\n\t\t\t\t\t\t<section class=\"elementor-section elementor-top-section elementor-element elementor-element-e3621bd elementor-section-boxed elementor-section-height-default elementor-section-height-default\" data-id=\"e3621bd\" data-element_type=\"section\">\n\t\t\t\t\t\t<div class=\"elementor-container elementor-column-gap-default\">\n\t\t\t\t\t<div class=\"elementor-column elementor-col-50 elementor-top-column elementor-element elementor-element-90a83e2\" data-id=\"90a83e2\" data-element_type=\"column\">\n\t\t\t<div class=\"elementor-widget-wrap elementor-element-populated\">\n\t\t\t\t\t\t<div class=\"elementor-element elementor-element-cd216a8 elementor-widget elementor-widget-heading\" data-id=\"cd216a8\" data-element_type=\"widget\" data-widget_type=\"heading.default\">\n\t\t\t\t<div class=\"elementor-widget-container\">\n\t\t\t\t\t<h1 class=\"elementor-heading-title elementor-size-xl\">Psic\u00f3logos <br>para todos<\/h1>\t\t\t\t<\/div>\n\t\t\t\t<\/div>\n\t\t\t\t<div class=\"elementor-element elementor-element-26ba7f3 elementor-widget elementor-widget-text-editor\" data-id=\"26ba7f3\" data-element_type=\"widget\" data-widget_type=\"text-editor.default\">\n\t\t\t\t<div class=\"elementor-widget-container\">\n\t\t\t\t\t\t\t\t\t<p>Asociaci\u00f3n de ayuda psicol\u00f3gica, para personas como t\u00fa. Tenemos amplia experiencia en situaciones\u00a0 urgentes. Recuerda que nuestra sesiones son totalmente an\u00f3nimas y totalmente online.<\/p>\t\t\t\t\t\t\t\t<\/div>\n\t\t\t\t<\/div>\n\t\t\t\t<div class=\"elementor-element elementor-element-c8fc31e elementor-tablet-align-left elementor-mobile-align-left elementor-widget elementor-widget-button\" data-id=\"c8fc31e\" data-element_type=\"widget\" data-widget_type=\"button.default\">\n\t\t\t\t<div class=\"elementor-widget-container\">\n\t\t\t\t\t\t\t\t\t<div class=\"elementor-button-wrapper\">\n\t\t\t\t\t<a class=\"elementor-button elementor-button-link elementor-size-xs elementor-animation-float\" href=\"https:\/\/psicologosparatodos.es\/index.php\/contacto\/\" id=\"Contacto\">\n\t\t\t\t\t\t<span class=\"elementor-button-content-wrapper\">\n\t\t\t\t\t\t\t\t\t<span class=\"elementor-button-text\">Cont\u00e1ctanos<\/span>\n\t\t\t\t\t<\/span>\n\t\t\t\t\t<\/a>\n\t\t\t\t<\/div>\n\t\t\t\t\t\t\t\t<\/div>\n\t\t\t\t<\/div>\n\t\t\t\t\t<\/div>\n\t\t<\/div>\n\t\t\t\t<div class=\"elementor-column elementor-col-50 elementor-top-column elementor-element elementor-element-619993d\" data-id=\"619993d\" data-element_type=\"column\">\n\t\t\t<div class=\"elementor-widget-wrap elementor-element-populated\">\n\t\t\t\t\t\t<div class=\"elementor-element elementor-element-721ea3e elementor-widget elementor-widget-image\" data-id=\"721ea3e\" data-element_type=\"widget\" data-widget_type=\"image.default\">\n\t\t\t\t<div class=\"elementor-widget-container\">\n\t\t\t\t\t\t\t\t\t\t\t\t\t\t\t<img fetchpriority=\"high\" decoding=\"async\" width=\"1024\" height=\"1024\" src=\"https:\/\/psicologosparatodos.es\/wp-content\/uploads\/2021\/10\/PsicologosParaTodosInicio-1024x1024.png\" class=\"attachment-large size-large wp-image-1013\" alt=\"\" srcset=\"https:\/\/psicologosparatodos.es\/wp-content\/uploads\/2021\/10\/PsicologosParaTodosInicio.png 1024w, https:\/\/psicologosparatodos.es\/wp-content\/uploads\/2021\/10\/PsicologosParaTodosInicio-300x300.png 300w, https:\/\/psicologosparatodos.es\/wp-content\/uploads\/2021\/10\/PsicologosParaTodosInicio-150x150.png 150w, https:\/\/psicologosparatodos.es\/wp-content\/uploads\/2021\/10\/PsicologosParaTodosInicio-768x768.png 768w\" sizes=\"(max-width: 1024px) 100vw, 1024px\" \/>\t\t\t\t\t\t\t\t\t\t\t\t\t\t\t<\/div>\n\t\t\t\t<\/div>\n\t\t\t\t\t<\/div>\n\t\t<\/div>\n\t\t\t\t\t<\/div>\n\t\t<\/section>\n\t\t\t\t<section class=\"elementor-section elementor-top-section elementor-element elementor-element-44a0a4b elementor-section-boxed elementor-section-height-default elementor-section-height-default\" data-id=\"44a0a4b\" data-element_type=\"section\">\n\t\t\t\t\t\t<div class=\"elementor-container elementor-column-gap-default\">\n\t\t\t\t\t<div class=\"elementor-column elementor-col-50 elementor-top-column elementor-element elementor-element-167f73a\" data-id=\"167f73a\" data-element_type=\"column\">\n\t\t\t<div class=\"elementor-widget-wrap elementor-element-populated\">\n\t\t\t\t\t\t<div class=\"elementor-element elementor-element-2414144 elementor-widget elementor-widget-text-editor\" data-id=\"2414144\" data-element_type=\"widget\" data-widget_type=\"text-editor.default\">\n\t\t\t\t<div class=\"elementor-widget-container\">\n\t\t\t\t\t\t\t\t\t<p><strong>Bienvenido<\/strong> a nuestra p\u00e1gina de la <strong>Asociaci\u00f3n Psic\u00f3logos para Todos<\/strong>,\u00a0 quiero en nombre\u00a0 y representaci\u00f3n de nuestra Organizaci\u00f3n hacerte\u00a0 llegar nuestro m\u00e1s sincero saludo y comentarte que estamos a tu entera disposici\u00f3n para compartir y acompa\u00f1arte en esta andadura que desde hace varios a\u00f1os un grupo de psic\u00f3logos hemos puesto en marcha.<\/p><p><strong>Nuestra intenci\u00f3n<\/strong> es darte a conocer los <strong>avances de la psicolog\u00eda moderna<\/strong> en el campo de la <strong>terapia, educaci\u00f3n, formaci\u00f3n e investigaci\u00f3n<\/strong>, y hacerte part\u00edcipe de estos conocimientos y herramientas para que te sirvan en tu proceso de desarrollo en todas las \u00e1reas de tu vida: personal, social, laboral, afectiva, familiar, formativa y dem\u00e1s.<\/p>\t\t\t\t\t\t\t\t<\/div>\n\t\t\t\t<\/div>\n\t\t\t\t\t<\/div>\n\t\t<\/div>\n\t\t\t\t<div class=\"elementor-column elementor-col-50 elementor-top-column elementor-element elementor-element-031409f\" data-id=\"031409f\" data-element_type=\"column\">\n\t\t\t<div class=\"elementor-widget-wrap elementor-element-populated\">\n\t\t\t\t\t\t<div class=\"elementor-element elementor-element-c3960ff elementor-widget elementor-widget-text-editor\" data-id=\"c3960ff\" data-element_type=\"widget\" data-widget_type=\"text-editor.default\">\n\t\t\t\t<div class=\"elementor-widget-container\">\n\t\t\t\t\t\t\t\t\t<p style=\"text-align: left;\"><em>Queremos caminar junto a ti<\/em>, y que conozcas el inmenso campo que la psicolog\u00eda actual puede aportar en tu vida\u00a0 desde las diferentes corrientes que existen en esta ciencia. Si es as\u00ed, te damos\u00a0 las gracias por confiar y depositar tu confianza en nuestra Organizaci\u00f3n.\u00a0<\/p><p style=\"text-align: center;\"><strong><em>Don. Jos\u00e9 Vicente Gil Tortosa<\/em><\/strong><\/p>\t\t\t\t\t\t\t\t<\/div>\n\t\t\t\t<\/div>\n\t\t\t\t\t<\/div>\n\t\t<\/div>\n\t\t\t\t\t<\/div>\n\t\t<\/section>\n\t\t\t\t<section class=\"elementor-section elementor-top-section elementor-element elementor-element-c00c439 elementor-section-boxed elementor-section-height-default elementor-section-height-default\" data-id=\"c00c439\" data-element_type=\"section\">\n\t\t\t\t\t\t<div class=\"elementor-container elementor-column-gap-default\">\n\t\t\t\t\t<div class=\"elementor-column elementor-col-100 elementor-top-column elementor-element elementor-element-1c351f8\" data-id=\"1c351f8\" data-element_type=\"column\">\n\t\t\t<div class=\"elementor-widget-wrap\">\n\t\t\t\t\t\t\t<\/div>\n\t\t<\/div>\n\t\t\t\t\t<\/div>\n\t\t<\/section>\n\t\t\t\t<section class=\"elementor-section elementor-top-section elementor-element elementor-element-a264d00 elementor-section-boxed elementor-section-height-default elementor-section-height-default\" data-id=\"a264d00\" data-element_type=\"section\">\n\t\t\t\t\t\t<div class=\"elementor-container elementor-column-gap-default\">\n\t\t\t\t\t<div class=\"elementor-column elementor-col-100 elementor-top-column elementor-element elementor-element-ec701e8\" data-id=\"ec701e8\" data-element_type=\"column\">\n\t\t\t<div class=\"elementor-widget-wrap elementor-element-populated\">\n\t\t\t\t\t\t<div class=\"elementor-element elementor-element-f4b65f7 elementor-widget elementor-widget-spacer\" data-id=\"f4b65f7\" data-element_type=\"widget\" data-widget_type=\"spacer.default\">\n\t\t\t\t<div class=\"elementor-widget-container\">\n\t\t\t\t\t\t\t<div class=\"elementor-spacer\">\n\t\t\t<div class=\"elementor-spacer-inner\"><\/div>\n\t\t<\/div>\n\t\t\t\t\t\t<\/div>\n\t\t\t\t<\/div>\n\t\t\t\t\t<\/div>\n\t\t<\/div>\n\t\t\t\t\t<\/div>\n\t\t<\/section>\n\t\t\t\t<section class=\"elementor-section elementor-top-section elementor-element elementor-element-e19df95 elementor-section-boxed elementor-section-height-default elementor-section-height-default\" data-id=\"e19df95\" data-element_type=\"section\">\n\t\t\t\t\t\t<div class=\"elementor-container elementor-column-gap-default\">\n\t\t\t\t\t<div class=\"elementor-column elementor-col-100 elementor-top-column elementor-element elementor-element-8af1804\" data-id=\"8af1804\" data-element_type=\"column\">\n\t\t\t<div class=\"elementor-widget-wrap elementor-element-populated\">\n\t\t\t\t\t\t<div class=\"elementor-element elementor-element-657b909 elementor-widget elementor-widget-text-editor\" data-id=\"657b909\" data-element_type=\"widget\" data-widget_type=\"text-editor.default\">\n\t\t\t\t<div class=\"elementor-widget-container\">\n\t\t\t\t\t\t\t\t\t<p><a href=\"https:\/\/api.whatsapp.com\/send?phone=34666857759&amp;text=Quiero%20m%C3%A1s%20informaci%C3%B3n%20de%20sus%20servicios%20...\"><img decoding=\"async\" class=\"aligncenter wp-image-1284 size-medium\" src=\"https:\/\/psicologosparatodos.es\/wp-content\/uploads\/2021\/11\/whatsapp-button-300x80.png\" alt=\"\" width=\"300\" height=\"80\" srcset=\"https:\/\/psicologosparatodos.es\/wp-content\/uploads\/2021\/11\/whatsapp-button-300x80.png 300w, https:\/\/psicologosparatodos.es\/wp-content\/uploads\/2021\/11\/whatsapp-button-1024x272.png 1024w, https:\/\/psicologosparatodos.es\/wp-content\/uploads\/2021\/11\/whatsapp-button-768x204.png 768w, https:\/\/psicologosparatodos.es\/wp-content\/uploads\/2021\/11\/whatsapp-button-1536x408.png 1536w, https:\/\/psicologosparatodos.es\/wp-content\/uploads\/2021\/11\/whatsapp-button-2048x544.png 2048w\" sizes=\"(max-width: 300px) 100vw, 300px\" \/><\/a><\/p>\t\t\t\t\t\t\t\t<\/div>\n\t\t\t\t<\/div>\n\t\t\t\t\t<\/div>\n\t\t<\/div>\n\t\t\t\t\t<\/div>\n\t\t<\/section>\n\t\t\t\t<\/div>\n\t\t","protected":false},"excerpt":{"rendered":"<p>Psic\u00f3logos para todos Asociaci\u00f3n de ayuda psicol\u00f3gica, para personas como t\u00fa. Tenemos amplia experiencia en situaciones\u00a0 urgentes. Recuerda que nuestra sesiones son totalmente an\u00f3nimas y totalmente online. Cont\u00e1ctanos Bienvenido a nuestra p\u00e1gina de la Asociaci\u00f3n Psic\u00f3logos para Todos,\u00a0 quiero en nombre\u00a0 y representaci\u00f3n de nuestra Organizaci\u00f3n hacerte\u00a0 llegar nuestro m\u00e1s sincero saludo y comentarte que &hellip;<\/p>\n<p class=\"read-more\"> <a class=\"\" href=\"https:\/\/psicologosparatodos.es\/\"> <span class=\"screen-reader-text\">Inicio<\/span> Leer m\u00e1s &raquo;<\/a><\/p>\n","protected":false},"author":1,"featured_media":0,"parent":0,"menu_order":0,"comment_status":"closed","ping_status":"closed","template":"","meta":{"footnotes":""},"class_list":["post-781","page","type-page","status-publish","hentry"],"_links":{"self":[{"href":"https:\/\/psicologosparatodos.es\/index.php\/wp-json\/wp\/v2\/pages\/781","targetHints":{"allow":["GET"]}}],"collection":[{"href":"https:\/\/psicologosparatodos.es\/index.php\/wp-json\/wp\/v2\/pages"}],"about":[{"href":"https:\/\/psicologosparatodos.es\/index.php\/wp-json\/wp\/v2\/types\/page"}],"author":[{"embeddable":true,"href":"https:\/\/psicologosparatodos.es\/index.php\/wp-json\/wp\/v2\/users\/1"}],"replies":[{"embeddable":true,"href":"https:\/\/psicologosparatodos.es\/index.php\/wp-json\/wp\/v2\/comments?post=781"}],"version-history":[{"count":122,"href":"https:\/\/psicologosparatodos.es\/index.php\/wp-json\/wp\/v2\/pages\/781\/revisions"}],"predecessor-version":[{"id":1406,"href":"https:\/\/psicologosparatodos.es\/index.php\/wp-json\/wp\/v2\/pages\/781\/revisions\/1406"}],"wp:attachment":[{"href":"https:\/\/psicologosparatodos.es\/index.php\/wp-json\/wp\/v2\/media?parent=781"}],"curies":[{"name":"wp","href":"https:\/\/api.w.org\/{rel}","templated":true}]}}