{"id":1744,"date":"2025-10-22T19:24:20","date_gmt":"2025-10-22T18:24:20","guid":{"rendered":"https:\/\/psicologosparatodos.es\/?page_id=1744"},"modified":"2025-10-22T19:29:20","modified_gmt":"2025-10-22T18:29:20","slug":"carteles-actividades-appt","status":"publish","type":"page","link":"https:\/\/psicologosparatodos.es\/index.php\/carteles-actividades-appt\/","title":{"rendered":"Carteles de Actividades"},"content":{"rendered":"\t\t<div data-elementor-type=\"wp-page\" data-elementor-id=\"1744\" class=\"elementor elementor-1744\">\n\t\t\t\t\t\t<section class=\"elementor-section elementor-top-section elementor-element elementor-element-2ea45df elementor-section-boxed elementor-section-height-default elementor-section-height-default\" data-id=\"2ea45df\" data-element_type=\"section\">\n\t\t\t\t\t\t<div class=\"elementor-container elementor-column-gap-default\">\n\t\t\t\t\t<div class=\"elementor-column elementor-col-100 elementor-top-column elementor-element elementor-element-16f8259\" data-id=\"16f8259\" data-element_type=\"column\">\n\t\t\t<div class=\"elementor-widget-wrap elementor-element-populated\">\n\t\t\t\t\t\t<div class=\"elementor-element elementor-element-2900bed elementor-widget elementor-widget-heading\" data-id=\"2900bed\" data-element_type=\"widget\" data-widget_type=\"heading.default\">\n\t\t\t\t<div class=\"elementor-widget-container\">\n\t\t\t\t\t<h2 class=\"elementor-heading-title elementor-size-default\"><a href=\"https:\/\/www.instagram.com\/asocpsicologosparatodos\/\">galer\u00eda de carteles<\/a><\/h2>\t\t\t\t<\/div>\n\t\t\t\t<\/div>\n\t\t\t\t<div class=\"elementor-element elementor-element-be47e90 elementor-widget elementor-widget-text-editor\" data-id=\"be47e90\" data-element_type=\"widget\" data-widget_type=\"text-editor.default\">\n\t\t\t\t<div class=\"elementor-widget-container\">\n\t\t\t\t\t\t\t\t\t<p style=\"text-align: center;\">Actividades que se realizar\u00e1n y se han realizado por la Asociaci\u00f3n Psic\u00f3logos Para Todos<\/p>\t\t\t\t\t\t\t\t<\/div>\n\t\t\t\t<\/div>\n\t\t\t\t\t<\/div>\n\t\t<\/div>\n\t\t\t\t\t<\/div>\n\t\t<\/section>\n\t\t\t\t<section class=\"elementor-section elementor-top-section elementor-element elementor-element-763c6cd elementor-section-boxed elementor-section-height-default elementor-section-height-default\" data-id=\"763c6cd\" data-element_type=\"section\">\n\t\t\t\t\t\t<div class=\"elementor-container elementor-column-gap-default\">\n\t\t\t\t\t<div class=\"elementor-column elementor-col-100 elementor-top-column elementor-element elementor-element-94797c3\" data-id=\"94797c3\" data-element_type=\"column\">\n\t\t\t<div class=\"elementor-widget-wrap elementor-element-populated\">\n\t\t\t\t\t\t<div class=\"elementor-element elementor-element-5c7f2f7 elementor-widget__width-initial elementor-widget elementor-widget-uael-instagram-feed\" data-id=\"5c7f2f7\" data-element_type=\"widget\" data-settings=\"{&quot;uae_insta_grid_cols&quot;:&quot;4&quot;,&quot;uae_insta_columns_gap&quot;:{&quot;unit&quot;:&quot;px&quot;,&quot;size&quot;:20,&quot;sizes&quot;:[]},&quot;uae_insta_rows_gap&quot;:{&quot;unit&quot;:&quot;px&quot;,&quot;size&quot;:20,&quot;sizes&quot;:[]},&quot;uae_insta_layout_type&quot;:&quot;grid&quot;,&quot;uae_insta_grid_cols_tablet&quot;:&quot;3&quot;,&quot;uae_insta_grid_cols_mobile&quot;:&quot;2&quot;,&quot;uae_insta_columns_gap_tablet&quot;:{&quot;unit&quot;:&quot;px&quot;,&quot;size&quot;:&quot;&quot;,&quot;sizes&quot;:[]},&quot;uae_insta_columns_gap_mobile&quot;:{&quot;unit&quot;:&quot;px&quot;,&quot;size&quot;:&quot;&quot;,&quot;sizes&quot;:[]},&quot;uae_insta_rows_gap_tablet&quot;:{&quot;unit&quot;:&quot;px&quot;,&quot;size&quot;:&quot;&quot;,&quot;sizes&quot;:[]},&quot;uae_insta_rows_gap_mobile&quot;:{&quot;unit&quot;:&quot;px&quot;,&quot;size&quot;:&quot;&quot;,&quot;sizes&quot;:[]}}\" data-widget_type=\"uael-instagram-feed.default\">\n\t\t\t\t<div class=\"elementor-widget-container\">\n\t\t\t\t\t\t\t<div class=\"uael-instagram-feed clearfix uael-instagram-feed-grid uael-instagram-feed- uael-instagram-feed-grid-4\">\n\t\t\t<div class=\"uael-insta-feed-inner\">\n\t\t\t\t<div class=\"uael-instafeed\">\n\t\t\t\t\t\t\t\t\t\t<div id=\"uael-instafeed-5c7f2f7\" class=\"uael-instafeed-grid\">\n\t\t\t\t\t\t\t\t\t\t\t\t\t<div class=\"uael-feed-item\">\n\t\t\t\t\t\t\t\t<div class=\"uael-feed-item-inner\">\n\t\t\t\t\t\t\t\t\t<a target=\"_blank\" href=\"\"><div class=\"uael-if-img\"><div class=\"uael-overlay-container uael-media-overlay\"><\/div><img decoding=\"async\" src=\"\" \/><\/div><\/a>\t\t\t\t\t\t\t\t<\/div>\n\t\t\t\t\t\t\t<\/div>\n\t\t\t\t\t\t\t\t\t\t\t\t\t\t<div class=\"uael-feed-item\">\n\t\t\t\t\t\t\t\t<div class=\"uael-feed-item-inner\">\n\t\t\t\t\t\t\t\t\t<a target=\"_blank\" href=\"\"><div class=\"uael-if-img\"><div class=\"uael-overlay-container uael-media-overlay\"><\/div><img decoding=\"async\" src=\"\" \/><\/div><\/a>\t\t\t\t\t\t\t\t<\/div>\n\t\t\t\t\t\t\t<\/div>\n\t\t\t\t\t\t\t\t\t\t\t\t<\/div>\n\t\t\t\t<\/div>\n\t\t\t<\/div>\n\t\t<\/div>\n\t\t\t\t\t\t<\/div>\n\t\t\t\t<\/div>\n\t\t\t\t\t<\/div>\n\t\t<\/div>\n\t\t\t\t\t<\/div>\n\t\t<\/section>\n\t\t\t\t<\/div>\n\t\t","protected":false},"excerpt":{"rendered":"<p>galer\u00eda de carteles Actividades que se realizar\u00e1n y se han realizado por la Asociaci\u00f3n Psic\u00f3logos Para Todos<\/p>\n","protected":false},"author":1,"featured_media":0,"parent":0,"menu_order":0,"comment_status":"closed","ping_status":"closed","template":"","meta":{"footnotes":""},"class_list":["post-1744","page","type-page","status-publish","hentry"],"_links":{"self":[{"href":"https:\/\/psicologosparatodos.es\/index.php\/wp-json\/wp\/v2\/pages\/1744","targetHints":{"allow":["GET"]}}],"collection":[{"href":"https:\/\/psicologosparatodos.es\/index.php\/wp-json\/wp\/v2\/pages"}],"about":[{"href":"https:\/\/psicologosparatodos.es\/index.php\/wp-json\/wp\/v2\/types\/page"}],"author":[{"embeddable":true,"href":"https:\/\/psicologosparatodos.es\/index.php\/wp-json\/wp\/v2\/users\/1"}],"replies":[{"embeddable":true,"href":"https:\/\/psicologosparatodos.es\/index.php\/wp-json\/wp\/v2\/comments?post=1744"}],"version-history":[{"count":6,"href":"https:\/\/psicologosparatodos.es\/index.php\/wp-json\/wp\/v2\/pages\/1744\/revisions"}],"predecessor-version":[{"id":1782,"href":"https:\/\/psicologosparatodos.es\/index.php\/wp-json\/wp\/v2\/pages\/1744\/revisions\/1782"}],"wp:attachment":[{"href":"https:\/\/psicologosparatodos.es\/index.php\/wp-json\/wp\/v2\/media?parent=1744"}],"curies":[{"name":"wp","href":"https:\/\/api.w.org\/{rel}","templated":true}]}}